{"id":16317,"date":"2017-02-22T10:07:32","date_gmt":"2017-02-22T10:07:32","guid":{"rendered":"http:\/\/mrseo.elated-themes.com\/?page_id=7"},"modified":"2020-01-20T20:55:35","modified_gmt":"2020-01-20T20:55:35","slug":"agency-home-2","status":"publish","type":"page","link":"https:\/\/www.grupo44publicidad.com\/sitio\/","title":{"rendered":"Estudio Digital"},"content":{"rendered":"<p>[vc_row][vc_column][rev_slider_vc alias=\u00bbhome-2&#8243;][\/vc_column][\/vc_row][vc_row row_content_width=\u00bbgrid\u00bb css=\u00bb.vc_custom_1487861203210{padding-top: 123px !important;padding-bottom: 123px !important;}\u00bb][vc_column]<div class=\"eltdf-elements-holder eltdf-responsive-mode-1024\" style=\"background-color:#fbfbfb;\"><div class=\"eltdf-eh-item eltdf-width-1-2\" style=\"background-image: url(https:\/\/www.grupo44publicidad.com\/sitio\/wp-content\/uploads\/2019\/06\/man-1718099_1920.jpg)\" data-item-class=\"eltdf-eh-custom-818426\" data-768-1024=\"50% 0 50% 0\" data-480=\"50% 0\">\n\t<div class=\"eltdf-eh-item-inner\">\n\t\t<div class=\"eltdf-eh-item-content eltdf-eh-custom-818426\" style=\"padding: 0px 0px 0px 40px\">\n\t\t\t\t\t<\/div>\n\t<\/div>\n<\/div><div class=\"eltdf-eh-item eltdf-width-1-4\" style=\"background-color: #f6f6f6\" data-item-class=\"eltdf-eh-custom-373832\" data-768-1024=\"40px 35px 40px 40px\" data-480=\"20px 0 20px 10px\">\n\t<div class=\"eltdf-eh-item-inner\">\n\t\t<div class=\"eltdf-eh-item-content eltdf-eh-custom-373832\" style=\"padding: 35px 35px 0px 40px\">\n\t\t\t<div class=\"eltdf-section-title-holder\" >\n\t\n\t\t\t<h4 class=\"eltdf-st-title\" >\n\t\t\t<span>Las ventajas <span class=\"eltdf-section-ital\">de<\/span> <span class=\"eltdf-section-ital\">aprender<\/span> <span class=\"eltdf-section-ital\">jugando<\/span><\/span>\n\t\t<\/h4>\n\t\t<span class=\"eltdf-title-separator eltdf-disable-separator\" ><\/span>\n\t\t\t<p class=\"eltdf-st-text\" >Atraer a las personas, incitar a la acci\u00f3n, promover el aprendizaje y resolver problemas.<\/p>\n\t<\/div><a itemprop=\"url\" href=\"https:\/\/www.grupo44publicidad.com\/sitio\/servicios\/\" target=\"_self\" style=\"color: #333333;margin: 5px 0 0 0\" class=\"eltdf-btn eltdf-btn-medium eltdf-btn-simple eltdf-btn-icon eltdf-btn-hover-unveiling\"  >\n    <span class=\"eltdf-btn-text\">Ver M\u00e1s<\/span>\n    \t    <span class=\"eltdf-btn-icon-holder\">\n\t\t    <i class=\"eltdf-icon-font-awesome fa fa-long-arrow-right \" ><\/i>\t\t<\/span>\n\t<\/a>\t\t<\/div>\n\t<\/div>\n<\/div><div class=\"eltdf-eh-item eltdf-width-1-2\" style=\"background-image: url(https:\/\/www.grupo44publicidad.com\/sitio\/wp-content\/uploads\/2017\/02\/h2-image-2.jpg)\" data-item-class=\"eltdf-eh-custom-415600\" data-768-1024=\"50% 0 50% 0\" data-480=\"50% 0\">\n\t<div class=\"eltdf-eh-item-inner\">\n\t\t<div class=\"eltdf-eh-item-content eltdf-eh-custom-415600\" >\n\t\t\t[vc_empty_space height=\u00bb100px\u00bb]\t\t<\/div>\n\t<\/div>\n<\/div><\/div><div class=\"eltdf-elements-holder eltdf-responsive-mode-1024\" ><div class=\"eltdf-eh-item eltdf-width-1-2\" style=\"background-image: url(https:\/\/www.grupo44publicidad.com\/sitio\/wp-content\/uploads\/2017\/02\/h5-image-1.png)\" data-item-class=\"eltdf-eh-custom-241595\" data-768-1024=\"50% 0 50% 0\" data-480=\"20px 0 20px 10px\">\n\t<div class=\"eltdf-eh-item-inner\">\n\t\t<div class=\"eltdf-eh-item-content eltdf-eh-custom-241595\" >\n\t\t\t\t\t<\/div>\n\t<\/div>\n<\/div><div class=\"eltdf-eh-item eltdf-width-1-4\" style=\"background-color: #f6f6f6\" data-item-class=\"eltdf-eh-custom-118689\" data-768-1024=\"40px 35px 40px 40px\" data-480=\"20px 0 20px 10px\">\n\t<div class=\"eltdf-eh-item-inner\">\n\t\t<div class=\"eltdf-eh-item-content eltdf-eh-custom-118689\" style=\"padding: 35px 35px 0px 40px\">\n\t\t\t<div class=\"eltdf-section-title-holder\" >\n\t\n\t\t\t<h4 class=\"eltdf-st-title\" >\n\t\t\t<span>Mayor Aprendizaje<\/span>\n\t\t<\/h4>\n\t\t<span class=\"eltdf-title-separator eltdf-disable-separator\" ><\/span>\n\t\t\t<p class=\"eltdf-st-text\" >Esta metodolog\u00eda basada en din\u00e1micas de juego surge a ra\u00edz de las investigaciones sobre el proceso de aprendizaje de las personas.<\/p>\n\t<\/div><a itemprop=\"url\" href=\"https:\/\/www.grupo44publicidad.com\/sitio\/servicios\/\" target=\"_self\" style=\"color: #333333;margin: 5px 0 0 0\" class=\"eltdf-btn eltdf-btn-medium eltdf-btn-simple eltdf-btn-icon eltdf-btn-hover-unveiling\"  >\n    <span class=\"eltdf-btn-text\">Ver m\u00e1s<\/span>\n    \t    <span class=\"eltdf-btn-icon-holder\">\n\t\t    <i class=\"eltdf-icon-font-awesome fa fa-long-arrow-right \" ><\/i>\t\t<\/span>\n\t<\/a>\t\t<\/div>\n\t<\/div>\n<\/div><\/div><div class=\"eltdf-elements-holder eltdf-responsive-mode-1024\" ><div class=\"eltdf-eh-item eltdf-width-1-4\" style=\"background-image: url(https:\/\/www.grupo44publicidad.com\/sitio\/wp-content\/uploads\/2019\/06\/52325170cms.jpg)\" data-item-class=\"eltdf-eh-custom-459871\" data-768-1024=\"50% 0\" data-480=\"50% 0\">\n\t<div class=\"eltdf-eh-item-inner\">\n\t\t<div class=\"eltdf-eh-item-content eltdf-eh-custom-459871\" style=\"padding: 55% 0\">\n\t\t\t\t\t<\/div>\n\t<\/div>\n<\/div><div class=\"eltdf-eh-item eltdf-width-1-4\" style=\"background-color: #f6f6f6\" data-item-class=\"eltdf-eh-custom-779744\" data-768-1024=\"40px 35px 40px 40px\" data-480=\"20px 0 20px 10px\">\n\t<div class=\"eltdf-eh-item-inner\">\n\t\t<div class=\"eltdf-eh-item-content eltdf-eh-custom-779744\" style=\"padding: 35px 35px 0px 40px\">\n\t\t\t<div class=\"eltdf-section-title-holder\" >\n\t\n\t\t\t<h4 class=\"eltdf-st-title\" >\n\t\t\t<span>Juegos Estrat\u00e9gicos<\/span>\n\t\t<\/h4>\n\t\t<span class=\"eltdf-title-separator eltdf-disable-separator\" ><\/span>\n\t\t\t<p class=\"eltdf-st-text\" >Permiten retener el 75% de la informaci\u00f3n que desea hacer llegar a sus clientes o empleados.<\/p>\n\t<\/div><a itemprop=\"url\" href=\"https:\/\/www.grupo44publicidad.com\/sitio\/servicios\/\" target=\"_self\" style=\"color: #333333;margin: 5px 0 0 0\" class=\"eltdf-btn eltdf-btn-medium eltdf-btn-simple eltdf-btn-icon eltdf-btn-hover-unveiling\"  >\n    <span class=\"eltdf-btn-text\">Ver m\u00e1s<\/span>\n    \t    <span class=\"eltdf-btn-icon-holder\">\n\t\t    <i class=\"eltdf-icon-font-awesome fa fa-long-arrow-right \" ><\/i>\t\t<\/span>\n\t<\/a>\t\t<\/div>\n\t<\/div>\n<\/div><div class=\"eltdf-eh-item eltdf-width-1-2\" style=\"background-image: url(https:\/\/www.grupo44publicidad.com\/sitio\/wp-content\/uploads\/2019\/07\/juan.jpg)\" data-item-class=\"eltdf-eh-custom-937901\" data-768-1024=\"50% 0 50% 0\" data-480=\"50% 0\">\n\t<div class=\"eltdf-eh-item-inner\">\n\t\t<div class=\"eltdf-eh-item-content eltdf-eh-custom-937901\" >\n\t\t\t\t\t<\/div>\n\t<\/div>\n<\/div><\/div>[\/vc_column][\/vc_row][vc_row][vc_column][\/vc_column][\/vc_row][vc_row css=\u00bb.vc_custom_1579553728803{padding-top: 80px !important;background-image: url(https:\/\/www.grupo44publicidad.com\/sitio\/wp-content\/uploads\/2017\/02\/h2-timeline-1.jpg?id=16286) !important;}\u00bb][vc_column]<div class=\"eltdf-timeline-holder clearfix eltdf-timeline-light\" >\r\n\t<div class=\"eltdf-timeline\">\r\n\t    <div class=\"eltdf-timeline-item\">\r\n    <div class=\"eltdf-timeline-text-holder\">\r\n                                <div class=\"eltdf-timeline-title-holder\">\r\n                            <a href=\"#\" target=\"_blank\"><\/a>\r\n                                        <div class=\"eltdf-timeline-title\">\r\n                    <h3>Desarrollo y administraci\u00f3n de sitios web<\/h3>\r\n                <\/div>\r\n                                        <div class=\"eltdf-timeline-subtitle\">\r\n                    <p>Desarrollo de plataformas Web enfocado a mercadeo y ventas.<\/p>\r\n                <\/div>\r\n                                <\/div>\r\n    <\/div>\r\n    <div class=\"eltdf-timeline-bottom-holder\">\r\n    \t<span class=\"eltdf-timeline-line eltdf-long\">\r\n            <span class=\"eltdf-line-top\"><\/span>\r\n            <span class=\"eltdf-line-bottom\"><\/span>\r\n        <\/span>\r\n    \t<span class=\"eltdf-timeline-line eltdf-short\">\r\n            <span class=\"eltdf-line-top\"><\/span>\r\n            <span class=\"eltdf-line-bottom\"><\/span>\r\n        <\/span>\r\n    \t<span class=\"eltdf-timeline-line eltdf-long eltdf-colored\">\r\n            <span class=\"eltdf-line-top\"><\/span>\r\n            <span class=\"eltdf-line-bottom\"><\/span>\r\n        <\/span>\r\n    \t<span class=\"eltdf-timeline-line eltdf-short\">\r\n            <span class=\"eltdf-line-top\"><\/span>\r\n            <span class=\"eltdf-line-bottom\"><\/span>\r\n        <\/span>\r\n    <\/div>\r\n<\/div><div class=\"eltdf-timeline-item\">\r\n    <div class=\"eltdf-timeline-text-holder\">\r\n                                    <div class=\"eltdf-timeline-image clearfix\">\r\n                            <\/div>\r\n                <div class=\"eltdf-timeline-title-holder\">\r\n                            <a href=\"#\" target=\"_blank\"><\/a>\r\n                                        <div class=\"eltdf-timeline-title\">\r\n                    <h3>Posicionamiento en Buscadores (SEO)<\/h3>\r\n                <\/div>\r\n                                        <div class=\"eltdf-timeline-subtitle\">\r\n                    <p>Atraer usuarios cuyas b\u00fasquedas est\u00e1n asociadas a la marca, sus productos y el contenido.<\/p>\r\n                <\/div>\r\n                                <\/div>\r\n    <\/div>\r\n    <div class=\"eltdf-timeline-bottom-holder\">\r\n    \t<span class=\"eltdf-timeline-line eltdf-long\">\r\n            <span class=\"eltdf-line-top\"><\/span>\r\n            <span class=\"eltdf-line-bottom\"><\/span>\r\n        <\/span>\r\n    \t<span class=\"eltdf-timeline-line eltdf-short\">\r\n            <span class=\"eltdf-line-top\"><\/span>\r\n            <span class=\"eltdf-line-bottom\"><\/span>\r\n        <\/span>\r\n    \t<span class=\"eltdf-timeline-line eltdf-long eltdf-colored\">\r\n            <span class=\"eltdf-line-top\"><\/span>\r\n            <span class=\"eltdf-line-bottom\"><\/span>\r\n        <\/span>\r\n    \t<span class=\"eltdf-timeline-line eltdf-short\">\r\n            <span class=\"eltdf-line-top\"><\/span>\r\n            <span class=\"eltdf-line-bottom\"><\/span>\r\n        <\/span>\r\n    <\/div>\r\n<\/div><div class=\"eltdf-timeline-item\">\r\n    <div class=\"eltdf-timeline-text-holder\">\r\n                                <div class=\"eltdf-timeline-title-holder\">\r\n                            <a href=\"#\" target=\"_blank\"><\/a>\r\n                                        <div class=\"eltdf-timeline-title\">\r\n                    <h3>Aplicaciones M\u00f3viles<\/h3>\r\n                <\/div>\r\n                                        <div class=\"eltdf-timeline-subtitle\">\r\n                    <p>Desarrollo a la medida de aplicaciones m\u00f3viles.<\/p>\r\n                <\/div>\r\n                                <\/div>\r\n    <\/div>\r\n    <div class=\"eltdf-timeline-bottom-holder\">\r\n    \t<span class=\"eltdf-timeline-line eltdf-long\">\r\n            <span class=\"eltdf-line-top\"><\/span>\r\n            <span class=\"eltdf-line-bottom\"><\/span>\r\n        <\/span>\r\n    \t<span class=\"eltdf-timeline-line eltdf-short\">\r\n            <span class=\"eltdf-line-top\"><\/span>\r\n            <span class=\"eltdf-line-bottom\"><\/span>\r\n        <\/span>\r\n    \t<span class=\"eltdf-timeline-line eltdf-long eltdf-colored\">\r\n            <span class=\"eltdf-line-top\"><\/span>\r\n            <span class=\"eltdf-line-bottom\"><\/span>\r\n        <\/span>\r\n    \t<span class=\"eltdf-timeline-line eltdf-short\">\r\n            <span class=\"eltdf-line-top\"><\/span>\r\n            <span class=\"eltdf-line-bottom\"><\/span>\r\n        <\/span>\r\n    <\/div>\r\n<\/div><div class=\"eltdf-timeline-item\">\r\n    <div class=\"eltdf-timeline-text-holder\">\r\n                                <div class=\"eltdf-timeline-title-holder\">\r\n                            <a href=\"#\" target=\"_blank\"><\/a>\r\n                                        <div class=\"eltdf-timeline-title\">\r\n                    <h3>Herramientas Aprendizaje<\/h3>\r\n                <\/div>\r\n                                        <div class=\"eltdf-timeline-subtitle\">\r\n                    <p>Permiten retener el 75% de la informaci\u00f3n<\/p>\r\n                <\/div>\r\n                                <\/div>\r\n    <\/div>\r\n    <div class=\"eltdf-timeline-bottom-holder\">\r\n    \t<span class=\"eltdf-timeline-line eltdf-long\">\r\n            <span class=\"eltdf-line-top\"><\/span>\r\n            <span class=\"eltdf-line-bottom\"><\/span>\r\n        <\/span>\r\n    \t<span class=\"eltdf-timeline-line eltdf-short\">\r\n            <span class=\"eltdf-line-top\"><\/span>\r\n            <span class=\"eltdf-line-bottom\"><\/span>\r\n        <\/span>\r\n    \t<span class=\"eltdf-timeline-line eltdf-long eltdf-colored\">\r\n            <span class=\"eltdf-line-top\"><\/span>\r\n            <span class=\"eltdf-line-bottom\"><\/span>\r\n        <\/span>\r\n    \t<span class=\"eltdf-timeline-line eltdf-short\">\r\n            <span class=\"eltdf-line-top\"><\/span>\r\n            <span class=\"eltdf-line-bottom\"><\/span>\r\n        <\/span>\r\n    <\/div>\r\n<\/div>\t<\/div>\r\n<\/div>[\/vc_column][\/vc_row]<\/p>\n","protected":false},"excerpt":{"rendered":"<p>[vc_row][vc_column][rev_slider_vc alias=\u00bbhome-2&#8243;][\/vc_column][\/vc_row][vc_row row_content_width=\u00bbgrid\u00bb css=\u00bb.vc_custom_1487861203210{padding-top: 123px !important;padding-bottom: 123px !important;}\u00bb][vc_column][\/vc_column][\/vc_row][vc_row][vc_column][\/vc_column][\/vc_row][vc_row css=\u00bb.vc_custom_1579553728803{padding-top: 80px !important;background-image: url(https:\/\/www.grupo44publicidad.com\/sitio\/wp-content\/uploads\/2017\/02\/h2-timeline-1.jpg?id=16286) !important;}\u00bb][vc_column][\/vc_column][\/vc_row]<\/p>\n","protected":false},"author":2,"featured_media":0,"parent":0,"menu_order":0,"comment_status":"closed","ping_status":"closed","template":"full-width.php","meta":{"_exactmetrics_skip_tracking":false,"_exactmetrics_sitenote_active":false,"_exactmetrics_sitenote_note":"","_exactmetrics_sitenote_category":0,"footnotes":""},"yst_prominent_words":[342,331,345,334,335,339,338,337,346,340,333,330,341,332,336,344],"_links":{"self":[{"href":"https:\/\/www.grupo44publicidad.com\/sitio\/wp-json\/wp\/v2\/pages\/16317"}],"collection":[{"href":"https:\/\/www.grupo44publicidad.com\/sitio\/wp-json\/wp\/v2\/pages"}],"about":[{"href":"https:\/\/www.grupo44publicidad.com\/sitio\/wp-json\/wp\/v2\/types\/page"}],"author":[{"embeddable":true,"href":"https:\/\/www.grupo44publicidad.com\/sitio\/wp-json\/wp\/v2\/users\/2"}],"replies":[{"embeddable":true,"href":"https:\/\/www.grupo44publicidad.com\/sitio\/wp-json\/wp\/v2\/comments?post=16317"}],"version-history":[{"count":56,"href":"https:\/\/www.grupo44publicidad.com\/sitio\/wp-json\/wp\/v2\/pages\/16317\/revisions"}],"predecessor-version":[{"id":17543,"href":"https:\/\/www.grupo44publicidad.com\/sitio\/wp-json\/wp\/v2\/pages\/16317\/revisions\/17543"}],"wp:attachment":[{"href":"https:\/\/www.grupo44publicidad.com\/sitio\/wp-json\/wp\/v2\/media?parent=16317"}],"wp:term":[{"taxonomy":"yst_prominent_words","embeddable":true,"href":"https:\/\/www.grupo44publicidad.com\/sitio\/wp-json\/wp\/v2\/yst_prominent_words?post=16317"}],"curies":[{"name":"wp","href":"https:\/\/api.w.org\/{rel}","templated":true}]}}